{"id":769,"date":"2025-02-01T14:12:07","date_gmt":"2025-02-01T14:12:07","guid":{"rendered":"https:\/\/uzeidigital.com.br\/teste\/?post_type=product&#038;p=769"},"modified":"2025-02-01T14:12:54","modified_gmt":"2025-02-01T14:12:54","slug":"headset-qcy-h3-anc-adaptativo","status":"publish","type":"product","link":"https:\/\/uzeidigital.com.br\/teste\/produto\/headset-qcy-h3-anc-adaptativo\/","title":{"rendered":"Headset Qcy H3 Anc Adaptativo"},"content":{"rendered":"<p>QCY H3 ANC Adaptativo: Headset Bluetooth com Cancelamento de Ru\u00eddo Adaptativo e Tecnologia Bimodal<\/p>\n<p>O QCY H3 ANC Adaptativo \u00e9 um headset Bluetooth que oferece uma experi\u00eancia auditiva premium com cancelamento de ru\u00eddo adaptativo e tecnologia bimodal exclusiva da QCY. Com 4 n\u00edveis de ANC, voc\u00ea pode ajustar o cancelamento de ru\u00eddo de acordo com o ambiente em que estiver, garantindo uma experi\u00eancia de \u00e1udio imersiva em qualquer lugar. Os 3 microfones com tecnologia VDCNN garantem chamadas n\u00edtidas e est\u00e1veis, adaptando-se automaticamente ao som ambiente.<\/p>\n<p>Destaques:<\/p>\n<p>Tecnologia Adaptativa Bimodal: Detecta a estrutura do canal auditivo e a forma como os fones s\u00e3o usados, criando par\u00e2metros exclusivos de cancelamento de ru\u00eddo para diferentes usu\u00e1rios.<br \/>\nANC com 4 N\u00edveis: Ajuste o cancelamento de ru\u00eddo de acordo com o ambiente, com at\u00e9 43 dB de redu\u00e7\u00e3o de ru\u00eddo.<br \/>\nConex\u00e3o Multiponto: O modelo H3 pode ser conectado a dois dispositivos ao mesmo tempo.<br \/>\n3 Microfones com Tecnologia VDCNN: Proporcionam chamadas est\u00e1veis e de qualidade em ambientes abertos e fechados.<br \/>\nBluetooth 5.3: Conex\u00e3o sem fio est\u00e1vel e de alta qualidade.<br \/>\nAt\u00e9 60 Horas de Bateria: Para longas sess\u00f5es de uso sem fio.<br \/>\nDesign Leve, Confort\u00e1vel e Dobr\u00e1vel: Almofadas auriculares macias e faixa de cabe\u00e7a acolchoada para conforto durante horas de uso. Pode ser usado via cabo de \u00e1udio de 3.5 mm.<\/p>\n","protected":false},"excerpt":{"rendered":"<p>QCY H3 ANC Adaptativo: Headset Bluetooth com Cancelamento de Ru\u00eddo Adaptativo e Tecnologia Bimodal O QCY H3 ANC Adaptativo \u00e9 um headset Bluetooth que oferece uma experi\u00eancia auditiva premium com cancelamento de ru\u00eddo adaptativo e tecnologia bimodal exclusiva da QCY. Com 4 n\u00edveis de ANC, voc\u00ea pode ajustar o cancelamento de ru\u00eddo de acordo com [&hellip;]<\/p>\n","protected":false},"featured_media":771,"comment_status":"open","ping_status":"closed","template":"","meta":[],"product_brand":[],"product_cat":[32],"product_tag":[],"class_list":{"0":"post-769","1":"product","2":"type-product","3":"status-publish","4":"has-post-thumbnail","6":"product_cat-headset","8":"first","9":"instock","10":"shipping-taxable","11":"purchasable","12":"product-type-simple"},"_links":{"self":[{"href":"https:\/\/uzeidigital.com.br\/teste\/wp-json\/wp\/v2\/product\/769","targetHints":{"allow":["GET"]}}],"collection":[{"href":"https:\/\/uzeidigital.com.br\/teste\/wp-json\/wp\/v2\/product"}],"about":[{"href":"https:\/\/uzeidigital.com.br\/teste\/wp-json\/wp\/v2\/types\/product"}],"replies":[{"embeddable":true,"href":"https:\/\/uzeidigital.com.br\/teste\/wp-json\/wp\/v2\/comments?post=769"}],"wp:featuredmedia":[{"embeddable":true,"href":"https:\/\/uzeidigital.com.br\/teste\/wp-json\/wp\/v2\/media\/771"}],"wp:attachment":[{"href":"https:\/\/uzeidigital.com.br\/teste\/wp-json\/wp\/v2\/media?parent=769"}],"wp:term":[{"taxonomy":"product_brand","embeddable":true,"href":"https:\/\/uzeidigital.com.br\/teste\/wp-json\/wp\/v2\/product_brand?post=769"},{"taxonomy":"product_cat","embeddable":true,"href":"https:\/\/uzeidigital.com.br\/teste\/wp-json\/wp\/v2\/product_cat?post=769"},{"taxonomy":"product_tag","embeddable":true,"href":"https:\/\/uzeidigital.com.br\/teste\/wp-json\/wp\/v2\/product_tag?post=769"}],"curies":[{"name":"wp","href":"https:\/\/api.w.org\/{rel}","templated":true}]}}